 1300085 is divided by 8.
5
Calculate the remainder when 28853394 is divided by 5248.
5138
What is the remainder when 87662 is divided by 86028?
1634
What is the remainder when 3392608 is divided by 484654?
30
What is the remainder when 51229292 is divided by 17076425?
17
What is the remainder when 11309842 is divided by 5188?
2
What is the remainder when 1225162 is divided by 3?
1
What is the remainder when 1239102 is divided by 413013?
63
Calculate the remainder when 44292 is divided by 6296.
220
What is the remainder when 76585 is divided by 3640?
145
What is the remainder when 4780081 is divided by 956015?
6
What is the remainder when 580988 is divided by 193643?
59
What is the remainder when 99900 is divided by 222?
0
What is the remainder when 5415 is divided by 5147?
268
What is the remainder when 846142 is divided by 1103?
141
Calculate the remainder when 14776610 is divided by 163.
8
What is the remainder when 1750817 is divided by 31?
30
What is the remainder when 2046452 is divided by 1198?
268
Calculate the remainder when 26789961 is divided by 12.
9
What is the remainder when 939852 is divided by 313209?
225
Calculate the remainder when 74998323 is divided by 1469.
1466
Calculate the remainder when 18920889 is divided by 473022.
9
Calculate the remainder when 34997 is divided by 182.
53
What is the remainder when 43222843 is divided by 1560?
1483
Calculate the remainder when 36605929 is divided by 162693.
4
Calculate the remainder when 1483128 is divided by 494375.
3
What is the remainder when 228132 is divided by 168?
156
What is the remainder when 276475 is divided by 587?
585
Calculate the remainder when 5723 is divided by 555.
173
Calculate the remainder when 784074 is divided by 1975.
1974
What is the remainder when 86342824 is divided by 61?
8
What is the remainder when 2964220 is divided by 1482106?
8
What is the remainder when 410557 is divided by 5008?
4909
Calculate the remainder when 11255239 is divided by 2150.
2139
Calculate the remainder when 34229499 is divided by 93.
12
What is the remainder when 10477229 is divided by 9?
5
Calculate the remainder when 1416940 is divided by 966.
784
Calculate the remainder when 2771778 is divided by 38.
20
Calculate the remainder when 40604 is divided by 3500.
2104
Calculate the remainder when 25117 is divided by 5483.
3185
What is the remainder when 153898 is divided by 4807?
74
What is the remainder when 2415081 is divided by 381?
303
What is the remainder when 53836 is divided by 3311?
860
What is the remainder when 212833 is divided by 69496?
4345
What is the remainder when 144633905 is divided by 18?
17
Calculate the remainder when 34648648 is divided by 11549542.
22
What is the remainder when 2326928 is divided by 347?
293
Calculate the remainder when 803132 is divided by 267657.
161
What is the remainder when 272944065 is divided by 723?
720
Calculate the remainder when 2666487 is divided by 386.
385
What is the remainder when 3100660 is divided by 727?
5
Calculate the remainder when 14881964 is divided by 2480326.
8
Calculate the remainder when 1970924 is divided by 28564.
8
Calculate the remainder when 110842448 is divided by 42.
38
What is the remainder when 5269173 is divided by 1053832?
13
Calculate the remainder when 41290522 is divided by 308138.
30
Calculate the remainder when 239957955 is divided by 2839.
2836
What is the remainder when 80344 is divided by 2450?
1944
What is the remainder when 4134691 is divided by 486?
289
What is the remainder when 31997678 is divided by 8266?
8258
Calculate the remainder when 17282038 is divided by 24.
22
Calculate the remainder when 7199987 is divided by 3599912.
163
What is the remainder when 23365552 is divided by 1668968?
0
Calculate the remainder when 271464 is divided by 135710.
44
What is the remainder when 12183 is divided by 5875?
433
Calculate the remainder when 5790697 is divided by 103405.
17
What is the remainder when 1295913 is divided by 67?
66
Calculate the remainder when 142214 is divided by 519.
8
Calculate the remainder when 69707 is divided by 3174.
3053
Calculate the remainder when 5007978 is divided by 1669305.
63
Calculate the remainder when 113639916 is divided by 19556.
0
What is the remainder when 30257727 is divided by 7564429?
11
What is the remainder when 35998997 is divided by 1047?
1043
Calculate the remainder when 44628 is divided by 177.
24
What is the remainder when 1094808 is divided by 4165?
3578
What is the remainder when 1629913 is divided by 792?
769
Calculate the remainder when 2497192 is divided by 46241.
178
What is the remainder when 58518 is divided by 944?
934
What is the remainder when 714483913 is divided by 439?
438
Calculate the remainder when 630167 is divided by 172.
131
What is the remainder when 17717671 is divided by 913?
906
Calculate the remainder when 287150 is divided by 242.
138
Calculate the remainder when 1169889 is divided by 25.
14
Calculate the remainder when 849759 is divided by 424804.
151
Calculate the remainder when 305661 is divided by 1265.
796
Calculate the remainder when 2321974 is divided by 92.
78
Calculate the remainder when 1692335 is divided by 49.
22
Calculate the remainder when 2519800 is divided by 1645.
1305
What is the remainder when 2731632 is divided by 285?
192
Calculate the remainder when 218161 is divided by 1261.
8
Calculate the remainder when 1490694 is divided by 745283.
128
What is the remainder when 1443725 is divided by 84914?
187
Calculate the remainder when 38060 is divided by 18484.
1092
Calculate the remainder when 11343409 is divided by 736.
177
Calculate the remainder when 13688359 is divided by 589.
588
Calculate the remainder when 626770659 is divided by 22.
9
What is the remainder when 1726273 is divided by 73?
42
What is the remainder when 118469 is divided by 60?
29
Calculate the remainder when 364765 is divided by 523.
234
Calculate the remainder when 401953 is divided by 30913.
84
Calculate the remainder when 89410 is divided by 4705.
15
What is the remainder when 658763998 is divided by 2250?
2248
Calculate the remainder when 2901084 is divided by 966931.
291
What is the remainder when 4728 is divided by 4458?
270
Calculate the remainder when 24047018 is divided by 387.
386
Calculate the remainder when 3315949 is divided by 532.
525
Calculate the remainder when 97926 is divided by 926.
696
Calculate the remainder when 205562 is divided by 750.
62
What is the remainder when 761649 is divided by 585?
564
Calculate the remainder when 5021973 is divided by 4500.
4473
What is the remainder when 76861 is divided by 964?
705
What is the remainder when 167518242 is divided by 967?
964
What is the remainder when 2927300 is divided by 365902?
84
Calculate the remainder when 4872346 is divided by 1044.
1042
Calculate the remainder when 19275513 is divided by 220.
213
What is the remainder when 829995 is divided by 878?
285
What is the remainder when 2898495 is divided by 263?
235
Calculate the remainder when 22793 is divided by 5297.
1605
What is the remainder when 6178664 is divided by 35106?
8
What is the remainder when 26540058 is divided by 43?
28
Calculate the remainder when 615861 is divided by 307778.
305
What is the remainder when 472363 is divided by 24861?
4
Calculate the remainder when 4952187 is divided by 4952176.
11
Calculate the remainder when 35198139 is divided by 79.
5
What is the remainder when 48616182 is divided by 39?
30
What is the remainder when 1025411 is divided by 38?
19
What is the remainder when 91826523 is divided by 45913257?
9
What is the remainder when 202129 is divided by 563?
12
What is the remainder when 5338273 is divided by 33?
28
What is the remainder when 1184209 is divided by 40?
9
What is the remainder when 109385642 is divided by 38?
20
What is the remainder when 109366 is divided by 256?
54
Calculate the remainder when 96243285 is divided by 308472.
21
What is the remainder when 162352153 is divided by 15?
13
Calculate the remainder when 13844141 is divided by 3923.
3797
What is the remainder when 640093 is divided by 926?
227
What is the remainder when 4539 is divided by 2152?
235
What is the remainder when 753662 is divided by 38?
8
What is the remainder when 24617021 is divided by 108